 31
List the prime factors of 8296.
2, 17, 61
List the prime factors of 83305.
5, 16661
What are the prime factors of 2614?
2, 1307
List the prime factors of 9598.
2, 4799
List the prime factors of 110323.
110323
List the prime factors of 82307.
82307
List the prime factors of 93331.
7, 67, 199
What are the prime factors of 110652?
2, 3, 9221
What are the prime factors of 739?
739
List the prime factors of 3627.
3, 13, 31
What are the prime factors of 4653?
3, 11, 47
What are the prime factors of 48427?
79, 613
What are the prime factors of 49778?
2, 24889
What are the prime factors of 2806?
2, 23, 61
List the prime factors of 504.
2, 3, 7
List the prime factors of 55712.
2, 1741
List the prime factors of 5542.
2, 17, 163
List the prime factors of 5153.
5153
List the prime factors of 26508.
2, 3, 47
What are the prime factors of 1322?
2, 661
What are the prime factors of 1282?
2, 641
What are the prime factors of 1105?
5, 13, 17
What are the prime factors of 9157?
9157
List the prime factors of 420.
2, 3, 5, 7
What are the prime factors of 3767?
3767
What are the prime factors of 34660?
2, 5, 1733
List the prime factors of 2609.
2609
List the prime factors of 33174.
2, 3, 19, 97
What are the prime factors of 8977?
47, 191
What are the prime factors of 77376?
2, 3, 13, 31
List the prime factors of 2871.
3, 11, 29
What are the prime factors of 144289?
144289
List the prime factors of 6758.
2, 31, 109
List the prime factors of 3270.
2, 3, 5, 109
List the prime factors of 9134.
2, 4567
List the prime factors of 936.
2, 3, 13
List the prime factors of 60527.
60527
List the prime factors of 22089.
3, 37, 199
What are the prime factors of 3118?
2, 1559
What are the prime factors of 131892?
2, 3, 29, 379
List the prime factors of 3595.
5, 719
List the prime factors of 52117.
13, 19, 211
List the prime factors of 10333.
10333
List the prime factors of 16504.
2, 2063
What are the prime factors of 1051?
1051
List the prime factors of 45978.
2, 3, 79, 97
List the prime factors of 57874.
2, 19, 1523
What are the prime factors of 5798?
2, 13, 223
What are the prime factors of 34074?
2, 3, 631
List the prime factors of 8901.
3, 23, 43
What are the prime factors of 847?
7, 11
List the prime factors of 2537.
43, 59
List the prime factors of 4667.
13, 359
List the prime factors of 21215.
5, 4243
List the prime factors of 73661.
7, 17, 619
What are the prime factors of 21469?
7, 3067
List the prime factors of 350.
2, 5, 7
List the prime factors of 51267.
3, 23, 743
List the prime factors of 1419.
3, 11, 43
List the prime factors of 155383.
155383
List the prime factors of 22212.
2, 3, 617
What are the prime factors of 56762?
2, 101, 281
List the prime factors of 4947.
3, 17, 97
List the prime factors of 49652.
2, 12413
List the prime factors of 1335.
3, 5, 89
List the prime factors of 163.
163
List the prime factors of 31570.
2, 5, 7, 11, 41
List the prime factors of 536.
2, 67
List the prime factors of 9616.
2, 601
List the prime factors of 12904.
2, 1613
What are the prime factors of 1251?
3, 139
List the prime factors of 19708.
2, 13, 379
What are the prime factors of 42787?
42787
What are the prime factors of 789?
3, 263
List the prime factors of 22342.
2, 11171
What are the prime factors of 4222?
2, 2111
List the prime factors of 113282.
2, 13, 4357
What are the prime factors of 6784?
2, 53
What are the prime factors of 805?
5, 7, 23
List the prime factors of 1342.
2, 11, 61
What are the prime factors of 13800?
2, 3, 5, 23
List the prime factors of 31954.
2, 13, 1229
List the prime factors of 71497.
19, 53, 71
What are the prime factors of 36?
2, 3
What are the prime factors of 14150?
2, 5, 283
List the prime factors of 5186.
2, 2593
What are the prime factors of 9603?
3, 11, 97
What are the prime factors of 3924?
2, 3, 109
What are the prime factors of 2522?
2, 13, 97
List the prime factors of 46656.
2, 3
What are the prime factors of 14086?
2, 7043
List the prime factors of 15017.
15017
What are the prime factors of 7185?
3, 5, 479
List the prime factors of 5063.
61, 83
List the prime factors of 16108.
2, 4027
List the prime factors of 85454.
2, 42727
List the prime factors of 4264.
2, 13, 41
List the prime factors of 56817.
3, 59, 107
List the prime factors of 146289.
3, 11, 13, 31
List the prime factors of 3213.
3, 7, 17
What are the prime factors of 221?
13, 17
List the prime factors of 373.
373
List the prime factors of 3184.
2, 199
List the prime factors of 14955.
3, 5, 997
List the prime factors of 62496.
2, 3, 7, 31
What are the prime factors of 153815?
5, 30763
What are the prime factors of 14797?
14797
What are the prime factors of 131?
131
What are the prime factors of 6254?
2, 53, 59
List the prime factors of 860.
2, 5, 43
List the prime factors of 6687.
3, 743
List the prime factors of 1253.
7, 179
What are the prime factors of 28184?
2, 13, 271
What are the prime factors of 262?
2, 131
What are the prime factors of 1075?
5, 43
List the prime factors of 6072.
2, 3, 11, 23
List the prime factors of 63605.
5, 12721
List the prime factors of 5478.
2, 3, 11, 83
What are the prime factors of 27137?
11, 2467
List the prime factors of 10715.
5, 2143
What are the prime factors of 21448?
2, 7, 383
List the prime factors of 1464.
2, 3, 61
List the prime factors of 85595.
5, 17, 19, 53
List the prime factors of 2602.
2, 1301
What are the prime factors of 14106?
2, 3, 2351
What are the prime factors of 1431?
3, 53
List the prime factors of 1008.
2, 3, 7
What are the prime factors of 496?
2, 31
What are the prime factors of 1454?
2, 727
List the prime factors of 4188.
2, 3, 349
What are the prime factors of 8227?
19, 433
List the prime factors of 6499.
67, 97
What are the prime factors of 15136?
2, 11, 43
What are the prime factors of 410?
2, 5, 41
List the prime factors of 9387.
3, 7, 149
List the prime factors of 3854.
2, 41, 47
List the prime factors of 546.
2, 3, 7, 13
List the prime factors of 810.
2, 3, 5
What are the prime factors of 73746?
2, 3, 17, 241
What are the prime factors of 22590?
2, 3, 5, 251
What are the prime factors of 25812?
2, 3, 239
What are the prime factors of 30102?
2, 3, 29, 173
List the prime factors of 48657.
3, 7, 331
List the prime factors of 4678.
2, 2339
List the prime factors of 11516.
2, 2879
What are the prime factors of 5121?
3, 569
What are the prime factors of 320?
2, 5
What are the prime factors of 2708?
2, 677
What are the prime factors of 309?
3, 103
What are the prime factors of 1842?
2, 3, 307
List the prime factors of 17779.
23, 773
List the prime factors of 9942.
2, 3, 1657
What are the prime factors of 5823?
3, 647
List the prime factors of 1199.
11, 109
List the prime factors of 64327.
64327
What are the prime factors of 19014?
2, 3, 3169
List the prime factors of 1083.
3, 19
List the prime factors of 81399.
3, 43, 631
List the prime factors of 6992.
2, 19, 23
List the prime factors of 590.
2, 5, 59
What are the prime factors of 2933?
7, 419
What are the prime factors of 1511?
1511
What are the prime factors of 26549?
139, 191
List the prime factors of 884.
2, 13, 17
What are the prime factors of 1038?
2, 3, 173
List the prime factors of 16526.
2, 8263
List the prime factors of 27151.
19, 1429
What are the prime factors of 16421?
16421
List the prime factors of 78.
2, 3, 13
What are the prime factors of 2905?
5, 7, 83
List the prime factors of 24788.
2, 6197
List the prime factors of 101311.
7, 41, 353
What are the prime factors of 7969?
13, 613
What are the prime factors of 4385?
5, 877
List the prime factors of 131391.
3, 13, 1123
What are the prime factors of 1517?
37, 41
List the prime factors of 19484.
2, 4871
List the prime factors of 8888.
2, 11, 101
What are the prime factors of 256?
2
What are the prime factors of 3093?
3, 1031
List the prime factors of 1047.
3, 349
What are the prime factors of 7526?
2, 53, 71
List the prime factors of 515.
5, 103
List the prime factors of 1505.
5, 7, 43
What are the prime factors of 39454?
2, 19727
What are the prime factors of 3601?
13, 277
What are the prime factors of 12180?
2, 3, 5, 7, 29
What are the prime factors of 87394?
2, 37, 1181
List the prime factors of 171633.
3, 7, 11, 743
List the prime factors of 9617.
59, 163
What are the prime factors of 53